s = -2*s - 90. Calculate the remainder when -1*3*x/(-6) is divided by s.
17
Suppose -3*t + 10 = -35. Let o = -56 + 99. What is the remainder when o is divided by t?
13
Let i = 19 + 24. Let t = 78 + -46. Let c = t - 21. What is the remainder when i is divided by c?
10
Let c = -23 + 31. Let p(g) = 2*g**2 + 1. Let z(n) = -n - 2. Let h be z(-3). Calculate the remainder when c is divided by p(h).
2
Suppose -26 = -4*o + 3*o. Suppose -4*d = 16 - 72. Calculate the remainder when o is divided by d.
12
Suppose 12 = 4*v - 68. Let k = 37 - v. What is the remainder when 48 is divided by k?
14
Let b be (0 + -3 - -3)/1. Suppose 25 = t - b*t. Calculate the remainder when t is divided by 9.
7
Suppose 24 = 4*r - 3*i, 0*r - 12 = -2*r - 4*i. Let j = -9 + r. What is the remainder when 39 - -2 - (j + 1) is divided by 11?
10
Let m = -12 + 40. Calculate the remainder when m is divided by (1 - -2)/((-12)/(-40)).
8
Suppose 2*b = 4, 2*b - 10 = -3*u + 3*b. Let v = u + 6. Suppose 2*z + 145 = 3*n + 6*z, 0 = -2*z - v. What is the remainder when n is divided by 19?
17
Calculate the remainder when 31 is divided by 5 - -2 - (-2 - -2)/(-6).
3
Suppose 0*w - 34 = -w + 5*j, 0 = j + 5. Let b = 67 - 64. Suppose s = b*s - 2*t, s = -2*t + w. What is the remainder when 6 is divided by s?
0
Let o = -6 + 12. What is the remainder when (0 - -3)*20/o is divided by 6?
4
Let z(x) = 4*x - 15. Suppose g = -g + 10. Calculate the remainder when z(7) is divided by g.
3
Suppose 0*q + 3*q = -243. What is the remainder when 2/(156/q - -2) is divided by 14?
13
Let j = 59 + -88. Let a = j - -45. What is the remainder when (-1)/(((-1)/30)/1) is divided by a?
14
Let a = 26 + -3. What is the remainder when 68 is divided by a?
22
Let v(m) = 5*m - 2. Let y be (-1 - -2)*(-6)/(-2). Let r(x) = -x**2 - 12*x + 9. What is the remainder when r(-9) is divided by v(y)?
10
Let t(x) = -23*x + 6 - 15*x - 8 - 2. Let h be t(-4). Suppose 3*s + 0*s - 5*a = h, -2*s - 2*a + 88 = 0. Calculate the remainder when s is divided by 16.
14
Suppose 0 = -2*p - 13 - 11. Let k = p + 25. Suppose k = y + 2. Calculate the remainder when 32 is divided by y.
10
Suppose 5*x = -8 + 43. Suppose 160 = z + 4*z. What is the remainder when (x*3)/(12/z) is divided by 19?
18
Let l = 144 + -77. Let i = 40 - 17. What is the remainder when l is divided by i?
21
Let s be ((-12)/9)/((-6)/9). Suppose -s*c + 20 = 3*c. Calculate the remainder when c is divided by 2.
0
Let o(a) = 3*a - 10. Let r = 28 - 19. Calculate the remainder when o(11) is divided by r.
5
Calculate the remainder when 16 is divided by 10 + 0 + 0 + 0/13.
6
Let i(m) = -m**3 - 3*m**2 + 4*m + 3. Calculate the remainder when 19 is divided by i(-4).
1
Suppose -4*f + 90 = -3*d, 0*f + 4*d = f - 29. Calculate the remainder when 39 is divided by f.
18
Let o = -83 + 117. What is the remainder when o is divided by 12?
10
Let b(n) = -9*n**3 - 2*n**2 - 2*n - 1. What is the remainder when 15 is divided by b(-1)?
7
Let z(n) = n**2 + 11*n - 5. Let i(p) = -6*p**2 - 55*p + 25. Let t(k) = 2*i(k) + 11*z(k). What is the remainder when 90 is divided by t(4)?
21
Suppose -2*p + 63 = -13. What is the remainder when 112 is divided by p?
36
Let d = 11 + 7. Suppose -4*k = 2*q - 38, 53 - d = 3*q - 5*k. Calculate the remainder when q is divided by 6.
3
Suppose 0 = -2*w - 0 + 6. Let c(z) = 5*z - 2. What is the remainder when 25 is divided by c(w)?
12
Calculate the remainder when 13/(((-1)/(-3))/1) is divided by -2*(-1)/(-2) - -15.
11
Let s = -73 - -84. Calculate the remainder when s is divided by 6.
5
Let s be (-1)/(0/2 - 1). Let x = 1 - s. Calculate the remainder when x + 4/(-2) + 12 is divided by 6.
4
Calculate the remainder when 10 is divided by 1/((4 - 2)/8).
2
Suppose 3*p + 0*k - 14 = k, -2 = -4*p - 2*k. Suppose 2*u - 86 = 4*c, p*u - 4*c = c + 129. Suppose 3 = -5*r + u. Calculate the remainder when r is divided by 5.
3
Let u(h) = -3*h - 2. Calculate the remainder when u(-2) is divided by 2.
0
Let g = 36 + -50. Calculate the remainder when 65 is divided by 4/g + (-312)/(-14).
21
Let r(q) = 29*q + 3. Let l be r(3). Let j = -25 + l. What is the remainder when j is divided by 17?
14
Let h = 10 - 15. Let o = 5 + h. Suppose o = -0*c - 2*c + 44. Calculate the remainder when c is divided by 12.
10
What is the remainder when (0 - -3)/(6/148) is divided by (5 + 9/2)*2?
17
Let v(x) = -39*x - 28. Calculate the remainder when v(-3) is divided by 18.
17
Let f = -6 + 10. Suppose 3*k = 12, -g - f*k - 20 = 2*g. Calculate the remainder when 27 is divided by (-56)/g*(4 + -1).
13
Suppose -3*t = 6*t - 1863. Calculate the remainder when t is divided by 35.
32
Suppose -b + 360 = b. Suppose 5*w - 4*z = b, -3*z = -18 + 3. Calculate the remainder when w is divided by 14.
12
Let w be (2/3)/((-6)/81). Let r(y) = -9*y - 12. Calculate the remainder when r(w) is divided by 14.
13
Let i(a) = 10*a**2 + 1. Suppose 0 = 3*x + 9. Calculate the remainder when (-10)/((6/x)/4) is divided by i(-1).
9
What is the remainder when (-16)/(-12)*2*18 is divided by 17?
14
Suppose 3*p = 108 - 18. Calculate the remainder when p is divided by 25.
5
Let u be 5 - 5 - (-4)/2. Suppose 66 = u*k + 2*c, 84 = -4*k - 5*c + 217. Suppose -2*q + k = -4. Calculate the remainder when q is divided by 10.
8
Calculate the remainder when 6/(-9) - (-190)/6 is divided by -3 - (-3 - (12 - 1)).
9
Suppose 31 = -4*c + 11, 2*c + 40 = 2*y. Let x = 2 - 3. Calculate the remainder when 4 is divided by (6/y)/(x/(-5)).
0
Let v(k) = k**3 - 10*k**2 + 8*k - 3. Let g be v(9). Let s = g + 15. Calculate the remainder when 3 is divided by s.
0
Let h = -45 + 55. What is the remainder when h is divided by 7?
3
What is the remainder when 26 is divided by 70/4*8/10?
12
Let t(s) = s**3 - s**2 - 4*s - 5. Calculate the remainder when t(4) is divided by 10.
7
Suppose -p - 5*g - 152 = -4*p, 5*p - 5*g = 250. Calculate the remainder when p is divided by 10.
9
Let r = 62 + -30. What is the remainder when r + 3/(-1) + 0 is divided by 16?
13
Let s be 1/1 - (4 + 1). Let k = 16 + s. Calculate the remainder when k is divided by 7.
5
Let w(u) = -u + 6. Let t = -6 - -4. Let m be t*(0 - 10/(-4)). Calculate the remainder when 31 is divided by w(m).
9
Let l(k) = -k**3 - 6*k**2 - 4*k + 1. Let m(o) = 2*o + 3. Let d be m(-2). Let q = 10 + d. What is the remainder when l(-6) is divided by q?
7
Suppose -4*t - 36 = -5*t. What is the remainder when t is divided by 10?
6
Let s = -16 + 25. Calculate the remainder when 26 is divided by s.
8
Let p = 1 + 48. What is the remainder when p is divided by 13?
10
Suppose -2*q + 13 = -13. Let p be 2/3 + 67/3. Suppose -2*f + 4*k + 18 = 3*k, -f + 4*k = -p. What is the remainder when q is divided by f?
6
Let q = 33 - -1. Let u(g) = -g**3 - 7*g**2 + 6*g - 7. What is the remainder when q is divided by u(-8)?
7
Let g(w) = -w**2 + 4*w + 6. Calculate the remainder when 178 is divided by g(3).
7
Let y = -36 - -59. Calculate the remainder when 90 is divided by y.
21
Suppose m - 5*g - 18 = -g, -5*m + 2*g = -72. Calculate the remainder when 53 is divided by m.
11
Let c(x) = x**3 + 2*x**2 - 5*x + 3. Let z be c(3). What is the remainder when 35 is divided by 2/2 - z/(-3)?
11
What is the remainder when (-9)/12 + 182/8 is divided by 8?
6
Calculate the remainder when 65 is divided by 174/8 + 2/8.
21
Let h be (4/3)/((-2)/(-9)). Let m(f) = -f**3 + 8*f**2 - 2*f - 2. Calculate the remainder when m(h) is divided by 15.
13
Let f(a) = 3*a - 9. What is the remainder when 21 is divided by f(7)?
9
Let y = -9 - -57. Calculate the remainder when y is divided by 10.
8
Let u = 44 + 7. Let d(j) = -6*j - 6. Calculate the remainder when u is divided by d(-4).
15
Suppose -o - 1 = -5*h, -5*o - 4*h + 5*h = -67. Calculate the remainder when 25 is divided by o.
11
Let f = 3 + -1. Suppose -15 = -f*n + 7. Calculate the remainder when 20 is divided by n.
9
What is the remainder when 73 is divided by 2*2/(-1) + 23?
16
Let y(o) be the first derivative of o**2/2 + 26*o + 1. Calculate the remainder when 23 is divided by y(-12).
9
Let m = 2 - -13. Calculate the remainder when 39 is divided by m.
9
Let k(n) = 6*n - 7. What is the remainder when 31 is divided by k(4)?
14
Let n = 27 + -19. What is the remainder when 14 is divided by n?
6
Suppose 7*q = 25 + 73. What is the remainder when 39 is divided by q?
11
Suppose l = 2*f - 0*l - 30,